9272?
-192a2
In base 7, what is 32 + -226153?
-226121
In base 2, what is 1000101011101010 + 1010?
1000101011110100
In base 4, what is -13 + -311113?
-311132
In base 7, what is -360 + -16002?
-16362
In base 13, what is 1892 + 1?
1893
In base 14, what is 443 - 2d?
414
In base 15, what is -4092 + aa?
-3ed7
In base 7, what is -210315 + -54?
-210402
In base 16, what is -d + bd9?
bcc
In base 5, what is 1404 - 222333?
-220424
In base 7, what is -640 - 632?
-1602
In base 13, what is 27 + a438?
a462
In base 8, what is -363 + -263?
-646
In base 6, what is 100 + 400504?
401004
In base 10, what is -52 + -167?
-219
In base 12, what is 174b - -151?
18a0
In base 14, what is 34 + -7388?
-7354
In base 12, what is -1229 - -235?
-bb4
In base 8, what is -4 + 25146?
25142
In base 7, what is 12 - 125031?
-125016
In base 7, what is 4460 + -13423?
-5633
In base 6, what is -4 + 143035?
143031
In base 9, what is 24540 - 0?
24540
In base 2, what is -10100 - 10110000001?
-10110010101
In base 10, what is -2 + 830431?
830429
In base 7, what is 204 + 331?
535
In base 6, what is 1025234 + -3?
1025231
In base 7, what is 106 - 11336?
-11230
In base 6, what is 232544 + 21?
233005
In base 12, what is 3 + -4352?
-434b
In base 5, what is -324200 + -102?
-324302
In base 4, what is -3330013222 - 11?
-3330013233
In base 5, what is -1 + -10344131?
-10344132
In base 10, what is -12349 + 47?
-12302
In base 15, what is 0 - 1404d?
-1404d
In base 5, what is 44011 - -10?
44021
In base 16, what is -adba - -1d?
-ad9d
In base 6, what is 3 - 2403?
-2400
In base 7, what is -14324 - -2345?
-11646
In base 8, what is 100 - -76305?
76405
In base 3, what is -212022 - 112?
-212211
In base 2, what is -111 + 101110101100?
101110100101
In base 2, what is 1101111100101 - 0?
1101111100101
In base 16, what is -179eb + -2?
-179ed
In base 11, what is 156 - 23?
133
In base 11, what is 47602 + -2?
47600
In base 4, what is -32010222 + -11?
-32010233
In base 3, what is -122100111011222 + 1?
-122100111011221
In base 15, what is 2821 - -9e?
28c0
In base 3, what is 110012 + 11122?
121211
In base 5, what is -220032 - -111?
-214421
In base 3, what is -1000200 - -10200?
-220000
In base 7, what is 214 + 10513?
11030
In base 9, what is -51 + 3041?
2880
In base 13, what is a7662 - 1?
a7661
In base 13, what is c0 + -3a0?
-2b0
In base 9, what is 225 + 8061?
8286
In base 4, what is -31200111103 - 2?
-31200111111
In base 3, what is -10 + 120001212?
120001202
In base 11, what is -4 + -72672?
-72676
In base 10, what is 44192 - -2?
44194
In base 12, what is -3 + -25a94b?
-25a952
In base 15, what is -5 - -14110d?
141108
In base 7, what is -4220622 - 5?
-4220630
In base 10, what is -151310 - 2?
-151312
In base 4, what is 3 + 100230233?
100230302
In base 12, what is 1636 + -45?
15b1
In base 6, what is -111511213 + -3?
-111511220
In base 14, what is 5887 + 4?
588b
In base 12, what is -45602 + -1?
-45603
In base 10, what is 74 + -316?
-242
In base 14, what is 14 + -95d?
-949
In base 9, what is -6372 + -164?
-6546
In base 5, what is -1024 + 2203?
1124
In base 13, what is -7 - -92c3?
92b9
In base 12, what is 0 + b0707?
b0707
In base 5, what is -2 - 40042142?
-40042144
In base 10, what is -4 + 33876?
33872
In base 2, what is -1011000 - -10?
-1010110
In base 16, what is c - -786f?
787b
In base 9, what is -717 + 5511?
4683
In base 14, what is 3d + 631?
670
In base 5, what is 3 + 202132?
202140
In base 9, what is -227 + 718?
481
In base 10, what is 20 + 2768?
2788
In base 14, what is -18 - 5b76?
-5b90
In base 12, what is -2a8 - -93b?
653
In base 16, what is 1895 + -5?
1890
In base 9, what is 1 - -207021?
207022
In base 5, what is 23340 + -41?
23244
In base 10, what is -217 - 3?
-220
In base 4, what is -10 - 3121300?
-3121310
In base 8, what is 1 - -65653?
65654
In base 7, what is -6140454 - 0?
-6140454
In base 4, what is -1213 + 120132?
112313
In base 15, what is 7b - -6?
82
In base 5, what is 1 - -320044?
320100
In base 11, what is -2856 + 66?
-27a0
In base 15, what is 86e - 26?
848
In base 11, what is -10 - 12286a?
-12287a
In base 15, what is b01a0 - -3?
b01a3
In base 16, what is -2ba7 - -a?
-2b9d
In base 14, what is -50d - -378?
-175
In base 16, what is 2832 + 0?
2832
In base 6, what is -321 - -11204?
10443
In base 12, what is 32a5 + -4?
32a1
In base 12, what is -b671 - -6?
-b667
In base 6, what is -4112 + 53?
-4015
In base 5, what is 13404 - 4?
13400
In base 15, what is 102e + -18?
1016
In base 14, what is -312c + -11?
-313d
In base 14, what is -789 + a66?
2bb
In base 5, what is 103 + -403?
-300
In base 2, what is -111010 + -101110011?
-110101101
In base 14, what is b6bb + -4?
b6b7
In base 13, what is -1b + 43a?
41c
In base 11, what is -2 - -227222?
227220
In base 5, what is 21023 - -102?
21130
In base 14, what is -29 - 23c?
-267
In base 11, what is 3 - -7591?
7594
In base 6, what is 143 + -1013540?
-1013353
In base 9, what is 35 - -232582?
232627
In base 11, what is -34614 + -43?
-34657
In base 9, what is -11 + -53162?
-53173
In base 4, what is -21 - -13322133?
13322112
In base 10, what is -1 - -57275?
57274
In base 5, what is -120221 + 10?
-120211
In base 8, what is -16506 - 654?
-17362
In base 6, what is -242 + 3111?
2425
In base 6, what is 23332033 + -1?
23332032
In base 5, what is 21024 + 343?
21422
In base 5, what is -210122 + 31?
-210041
In base 7, what is 1546 - 403?
1143
In base 5, what is 44 + 1413?
2012
In base 7, what is -4 + -16664?
-20001
In base 7, what is -11 + 1533413?
1533402
In base 9, what is 2 - -130063?
130065
In base 16, what is c6b00 - -1?
c6b01
In base 3, what is 1022 - -11012122?
11020221
In base 12, what is -6 - 187315?
-18731b
In base 16, what is 546 + 14?
55a
In base 15, what is 14 + -37bd?
-37a9
In base 12, what is -4239 - -13?
-4226
In base 9, what is 183721 + -33?
183677
In base 11, what is -5923 + -a6?
-5a19
In base 3, what is 120 + 10202222120?
10210000010
In base 5, what is 2 + 440133?
440140
In base 15, what is 7660 + 0?
7660
In base 6, what is 5 + 25230?
25235
In base 9, what is -4886 + 11?
-4875
In base 9, what is -18008 - 233?
-18242
In base 3, what is -202 + 1120200?
1112221
In base 11, what is -3766 + -50?
-3806
In base 11, what is 26772 + 5?
26777
In base 13, what is -54c + 4?
-548
In base 14, what is -5b24 - b?
-5b31
In base 3, what is -1022 + -10211210?
-10220002
In base 11, what is -17476 - 3?
-17479
In base 2, what is 1110110 + -1010100111?
-1000110001
In base 8, what is -20566 - 47?
-20635
In base 10, what is -1870331 - 1?
-1870332
In base 8, what is 4205 + -53?
4132
In base 6, what is 405 - 2034?
-1225
In base 8, what is 55 + -25370?
-25313
In base 12, what is 6a - -b162?
b210
In base 13, what is -4 + 46720?
46719
In base 6, what is -1213 - 13043?
-14300
In base 14, what is -5db5 + 2a?
-5d89
In base 11, what is -146772 + 4?
-146769
In base 14, what is 18 - -4d49?
4d63
In base 11, what is 2 + -3058a?
-30588
In base 3, what is -10 + 11022000010?
11022000000
In base 12, what is -2 + -10526?
-10528
In base 5, what is 4 - -24304240?
24304244
In base 9, what is 27042 - 121?
26821
In base 11, what is 258aaa8 + 4?
2590001
In base 3, what is 1211220 + -2100220?
-112000
In base 9, what is 783 - -1061?
1854
In base 5, what is -1143240 + -11?
-1143301
In base 8, what is 173141 - 36?
173103
In base 5, what is 2 + 124040344?
124040401
In base 2, what is -100 - 100111000010001001110?
-100111000010001010010
In base 15, what is -4 - a9d?
-aa2
In base 11, what is 2726 + 1?
2727
In base 4, what is -2012 - 21221?
-23233
In base 7, what is 1441615 + 2?
1441620
In base 3, what is -12022 + 11022122?
11010100
In base 9, what is -84 + -13101?
-13185
In base 10, what is -17029 - -3?
-17026
In base 15, what is 3866a - -1?
3866b
In base 11, what is 189621 + -5?
189617
In base 13, what is 24ba + 25?
2512
In base 12, what is -5 - 97592?
-97597
In base 9, what is -101 - -1014?
813
In base 13, what is 311 + 11b6?
14c7
In base 14, what is -21 + -2744?
-2765
In base 6, what is 20 + -2115415?
-2115355
In base 5, what is -34 + -331212?
-331301
In base 10, what is 431262 - 1?
431261
In base 3, what is -20112 - -10102?
-10010
In base 16, what is 4178 - 3?
4175
In base 5, what is 1031434 - 1044?
1030340
In base 13, what is 100522 + 1?
100523
In base 15, what is 22 + -13be?
-139c
In base 15, what is 1b7601 + 2?
1b7603
In b